930. What is the thousands digit of s?
8
What is the thousands digit of (-3 - (15 - 6))/((-6)/5308)?
0
Let s be -17 - 2/(4/(-4)). Let w be 10/s*6/(-1). Suppose 0 = -w*d - 3 - 1, p - 67 = -3*d. What is the tens digit of p?
7
Suppose 0 = 4*c - p - 3, 5*p = 2*c + 21. Suppose x - 185 = 3*i, 2*i = -c*i + 4*x - 260. What is the tens digit of (-33)/6*i/6?
5
Suppose -19*f = 5315 + 1031. Let j be -189 - ((0 - 2) + 4). Let v = j - f. What is the units digit of v?
3
Let v = 120774 - 83476. What is the units digit of v?
8
Suppose 0 = 113*h - 112*h + 1607. Let c = h + 2488. What is the hundreds digit of c?
8
Suppose 59*p = 69*p - 6660. Let u = p - 190. What is the hundreds digit of u?
4
Let d(m) = -15*m + 16. Let r = -19 + 3. What is the units digit of d(r)?
6
Suppose -2*r = -51 + 49. Let j(i) = 6*i**2 - 4*i**2 + 5*i + 4*i**2 + r - 2. What is the tens digit of j(3)?
6
Let i be ((-11)/(-33))/(4/10092). Let m = i + 81. What is the hundreds digit of m?
9
Let k(y) = 758*y**2 + 40*y + 253. What is the tens digit of k(-7)?
1
Let o(g) = 39*g**2 - 17*g - 38. Let s be o(-3). Suppose -s = -4*i + 3*i + 4*t, 5*i - t = 1820. What is the units digit of i?
4
Let x = -33354 + 54636. What is the units digit of x?
2
Let f(r) = r**3 + 15*r**2 - 5*r - 16. Let x = -99 - -105. Let b be (-10)/(x/(-24)*8/(-3)). What is the units digit of f(b)?
9
Let u(r) = 2*r**3 + 61*r**2 + 11*r + 125. What is the thousands digit of u(-10)?
4
What is the tens digit of 5104/10*(-11)/(-22)*15?
2
Let p = 1 + 66. Suppose -3*h = p - 214. What is the tens digit of h?
4
Let l(d) = d**3 + 22*d**2 - 16*d - 82. What is the thousands digit of l(-20)?
1
Suppose 6*v - 3445 - 5585 = v. What is the units digit of v?
6
Let v(g) be the first derivative of 11*g**2/2 + 928*g - 91. What is the units digit of v(0)?
8
Suppose 5*r + 35 - 20 = 0. Let a(c) = -76*c + 7. What is the units digit of a(r)?
5
Let m(b) be the first derivative of -b**3/3 - b**2/2 + b + 24. Let s(j) = 8*j**2 + 7*j + 1. Let v(f) = 6*m(f) + s(f). What is the units digit of v(4)?
3
Let r = 84 + -54. Let h = -30 + r. Suppose -6*k + 1068 = -h*k. What is the units digit of k?
8
Let d be (-4 - -8)/((-2)/(2*-1)). Suppose 0 = -d*c - 16, u - 2*c - 3 = 2*u. Suppose -4*s + 74 = -u*v + 454, -228 = -3*v + s. What is the units digit of v?
6
Let p(f) = 3*f**3 + 106*f**2 - 78*f + 72. What is the hundreds digit of p(-32)?
8
Let l = -136 + 141. Suppose 4*h + 2*b - 1067 = 643, l*h - b = 2155. What is the tens digit of h?
3
Let o(t) = 16*t**2 + 6*t - 14. Suppose 4*m - 5*m + 4 = -x, -4*m + 40 = 2*x. What is the hundreds digit of o(m)?
0
Suppose 0 = 3*x + 3*c - 21612, 4*x = -2*c + 25888 + 2924. Suppose 18*t - 5*t = x. What is the hundreds digit of t?
5
Suppose 10*l - 163 = 307. Let n = 42 + l. What is the tens digit of n?
8
Let d = -43258 - -69543. What is the ten thousands digit of d?
2
Suppose -4*x - 23 = -3*h, -4*h + 3*x = -h - 21. Suppose d = 5*p + 8, p - h = -2*d - 0*d. Suppose -d*v + 91 = -422. What is the tens digit of v?
7
Let x(w) = -4*w**2 + 38*w**3 - 8*w - 2 - 78*w**3 + 32*w**3. What is the units digit of x(-2)?
2
Let n(k) = k**2 - k - 4. Let o be n(-2). What is the hundreds digit of (0 - (-1449)/o) + (-78)/52?
7
Let f(k) be the first derivative of 21 + 1/4*k**4 - 7/3*k**3 - 15*k + 6*k**2. What is the tens digit of f(8)?
4
Suppose -3*d = 2*k - 4*k - 295, -4*k - 392 = -4*d. Let l = -103 + d. What is the units digit of ((-354)/(-24))/((-1)/l)?
9
Suppose -121*r + 254*r = 128*r + 11515. What is the tens digit of r?
0
Suppose -463*l + 518*l = 4322120. What is the tens digit of l?
8
Let z(s) = s**2 - 16*s - 20. Let w be z(16). Let k = -33 + w. Let b = 110 + k. What is the tens digit of b?
5
What is the tens digit of 10 - 60/5 - -8669?
6
Let y(k) = 2*k**2 - 105*k - 287. What is the ten thousands digit of y(111)?
1
What is the hundreds digit of (24088/32 + -18)*4?
9
Suppose 410*j + 1912058 = 444*j. What is the ten thousands digit of j?
5
What is the hundreds digit of (((-39090)/50)/3 + 0)/(1/(-25))?
5
Let p(g) = 7*g**3 - g**2 - 4*g + 5. Suppose 10*l = 4*l - 18. Let d be p(l). Let r = -88 - d. What is the units digit of r?
3
Let c be (8/20)/((-16)/80). What is the tens digit of (-2166)/(-12) + -1 + 1/c?
7
Let f = 11758 - 5457. What is the thousands digit of f?
6
Let i(a) = -349*a - 150. What is the hundreds digit of i(-22)?
5
Suppose 3*s - 17 = 4*l, -13*s = -14*s - l + 15. Suppose -10*m - 30 = -s*m. What is the tens digit of m?
3
Let a be (60/(-160))/(2/(-16)). Suppose a*t = 4*j + 520, 0 = -2*t - j + 2*j + 350. What is the tens digit of t?
7
Let b(y) = -y**2 - 24*y + 6. Let l be b(-24). What is the tens digit of l + (-189)/35 - 5404/(-10)?
4
Let g(i) = 3*i + 48. Let z be g(-13). Suppose 4390 = z*n - 695. What is the hundreds digit of n?
5
Let y(b) = 44*b + 20. Let t be y(5). Let i be 4 - (-1 - 2) - 4. Suppose -i*k - 3 = -t. What is the units digit of k?
9
Let s = -170 - -170. What is the tens digit of (-1)/2 - (6042/(-12) + s)?
0
Let v be 12/102 - (-83)/17. Suppose -o = -n - 452 + 20, v*o + 5*n = 2210. What is the tens digit of o?
3
Let p(x) be the third derivative of x**6/120 - 7*x**5/60 - x**4/6 - 181*x**3/6 + 31*x**2. What is the tens digit of p(13)?
8
Let j = 6879 + -358. What is the thousands digit of j?
6
Let g = 8060 - 5725. What is the hundreds digit of g?
3
Let m be (3013/131)/((0 + 2)/58). Suppose -m*u + 3408 = -661*u. What is the tens digit of u?
6
Suppose 0 = -2*g - 99149 + 29497. Let n be -4 + g/(-121) + 2/11. Suppose 5*v - n = 361. What is the tens digit of v?
2
Let c(z) = 67*z**2 - 31*z - 57. Let i be c(-2). What is the hundreds digit of 1 + 724 - i/(-39)?
7
Let j(r) = 24 - 11*r + 2*r**2 - 8*r**3 + 15*r + 6. Let d(z) = 3*z**3 - z**2 - z - 10. Let n(v) = -11*d(v) - 4*j(v). What is the hundreds digit of n(-4)?
1
Let g be (-1)/(((-30)/(-60))/((-39922)/4)). Suppose -47*j + 54910 = -g. What is the thousands digit of j?
1
Let i(j) = 139*j. Let f be i(2). Suppose -2*n - 25 = -5*k - f, -3*n + 347 = -k. What is the hundreds digit of n?
1
Suppose 2*b + 126 - 162 = 0. Suppose 3*y - b = 1188. What is the tens digit of y?
0
Let l(a) = 140*a**2 - 3*a - 4. Let j(s) = 8*s - 50. Let u be j(6). What is the hundreds digit of l(u)?
5
Suppose -59257 - 54682 = -4*i - 3*k, -3*i + k = -85451. What is the tens digit of i?
8
Let i(r) = 2*r**2 - 2*r + 2. Let x be i(-3). Let v = 15 - x. Let h(g) = 2*g**2 + 23*g + 13. What is the units digit of h(v)?
2
Let h(m) = 4*m**2 - 2*m + 188. Let c be h(14). Let l = c + -289. What is the tens digit of l?
5
Let l = 533 + -516. Let o(c) be the first derivative of 7*c**2/2 - 30*c - 1. What is the units digit of o(l)?
9
Let o(l) = l**2 + 9*l - 4. Let r be o(-11). Let t = 27 + -31. What is the tens digit of t/r + 4235/63?
6
Let t = 11 + 241. Let u be ((-4)/6)/(3/t). What is the tens digit of ((-5)/2)/(7/u)?
2
Let q = 5609 + -4615. What is the units digit of q?
4
Let m = -129 + 259. Let y = 481 - m. What is the tens digit of y?
5
Suppose 230 = n - 4*x + 9*x, 1129 = 5*n + 4*x. Suppose 0 = -n*u + 230*u - 4885. What is the hundreds digit of u?
9
Let o = -172 + 176. Suppose a - 4*u - 129 = 0, o*a - 93 = -3*u + 385. What is the hundreds digit of a?
1
Let p(m) = -m**3 - 5*m**2 - 4*m - 5. Suppose j + 5*z - 10 = 0, 2*j + 1 = z - 12. Let x be p(j). Suppose x + 65 = 4*f. What is the units digit of f?
0
Suppose 52167 = 36*c - 76569. What is the units digit of c?
6
Let z be (18/(-9))/((-56)/12 - -4). Suppose 0 = -7*k + z*k + 6792. What is the tens digit of k?
9
What is the hundreds digit of (-10 - (0 - -1)*-3873) + 3?
8
Let v(z) = z**3 - 15*z**2 - 32*z - 35. Let m be v(23). Suppose p = -5*x - 1147, 2*p + p - 5*x + m = 0. What is the units digit of (3/(-2))/(18/p)?
6
Let u = -556 - -10740. What is the hundreds digit of u?
1
Suppose 20*o - 20*o - 29359 = -17*o. What is the units digit of o?
7
Let i = -46 + 80. Suppose -b - i - 13 = 0. Let k = -34 - b. What is the units digit of k?
3
Let g be ((-5360)/32)/((-13)/12 - -1). Suppose 5*w = 4*y - 2*y + g, 0 = 5*w - y - 2015. What is the hundreds digit of w?
4
Suppose -41*i + 207384 = -29*i. What is the tens digit of i?
8
What is the hundreds digit of (-14 + 59888/64)/(-3 + (-27)/(-8))?
4
Let f(h) = 0*h + 227*h**2 + 29 - 226*h**2 - 12*h + h. Let m be f(7). What is the units digit of (m - 27/15)*-175*1?
0
Suppos